r + 22 = -3. What is the remainder when r is divided by y?
12
Suppose -5*w + 78 = -257. What is the remainder when w is divided by -2*1/(4/(-46))?
21
Let o(a) = -5 + a**2 + 2 + 1 + 7*a. Let r(z) = -z**2 + 7*z - 4. Calculate the remainder when o(-9) is divided by r(5).
4
Suppose 3*m = -5*q, 2*q + 9*m - 4*m = -19. Let r = 35 + q. Suppose 5*a + r = 113. Calculate the remainder when 28 is divided by a.
13
Suppose -3*t = -5*t + 6. What is the remainder when 14 is divided by t?
2
Let u(v) = 13*v + 57. Suppose 0*l + 5*l = 10. What is the remainder when u(-4) is divided by l?
1
Let q = 62 + -21. Let l = 4 + 86. Suppose 3*g + 111 = 5*a, 4*a + 0*g - l = 3*g. What is the remainder when q is divided by a?
20
Let m(a) be the third derivative of -a**4/24 + a**3/3 + 2*a**2. Let j be m(-7). Calculate the remainder when 309/j + 4/6 is divided by 12.
11
Suppose -3*m + m - j = -11, 3*m - 3*j = 12. Calculate the remainder when 7 is divided by m.
2
Let h = 1 + 3. Suppose -159 = -h*a - 7. What is the remainder when a is divided by 13?
12
Suppose -25 + 131 = 2*r. Calculate the remainder when r is divided by 14.
11
Suppose -3*q + 6 = 4*s, 0*q + 6 = 3*q + 3*s. Suppose 47 + 104 = 5*i - 3*n, q*i + 4*n - 50 = 0. What is the remainder when i is divided by 8?
5
Suppose 0 = -3*g + 2*g + 25. Let t(j) = -j + 7. Let w be t(7). Suppose 5*y - 65 = 4*z, -3*y + w*y = 5*z - 2. What is the remainder when g is divided by y?
7
Let p(i) = 6*i - 24. What is the remainder when p(14) is divided by 21?
18
Let n be 112/6*(-7 - -4). Let f = -15 - n. Calculate the remainder when f is divided by 22.
19
Let a = -45 + 52. Suppose -2*o + 29 = 3*m, 0*m - 4*o = -5*m + 85. Calculate the remainder when m is divided by a.
6
Let s(m) = m**3 + 6*m**2 + 1. Let h be s(-6). What is the remainder when (-2)/2 - (-3 - 4) is divided by 20/12 + h/3?
0
Suppose -5*z = -0*z - 5*p + 65, -4*p = -5*z - 62. Let t = -5 - z. What is the remainder when t is divided by 4?
1
Calculate the remainder when 62 is divided by 5 + -2 + -1 - -11.
10
Let i be 0/(2 - (-2 - -2)). Suppose -s + 4 = -i. Let o = 35 - 24. Calculate the remainder when o is divided by s.
3
Suppose -t + 26*m = 27*m - 11, 4*m + 21 = t. Suppose 5*d = 2*w - 25, 0*d - d + 12 = 3*w. Calculate the remainder when t is divided by w.
3
Suppose -175*r - 36 = -179*r. What is the remainder when r is divided by 4?
1
Let h(t) = -t**3 + 3*t**2 + 2*t. Let k be h(3). Let i = 8 - k. Suppose -f + 3*b = 6, -i*b + 32 + 14 = 4*f. What is the remainder when 16 is divided by f?
7
Suppose -3*s + 171 = -27. Suppose 0 = 55*m - 58*m + 9. Calculate the remainder when 4/10 - s/(-10) is divided by m.
1
Let g = -20 - -33. Let f(v) = v + 11. What is the remainder when f(13) is divided by g?
11
Suppose -f = 2*n - 3*f - 226, 4*f - 93 = -n. Calculate the remainder when n is divided by 28.
25
Suppose -p = -2*p + s + 22, -16 = -p - 5*s. Let a(d) = -d**2 - d. Let t be a(-2). What is the remainder when p is divided by (-22)/(t - -1 - 1)?
10
Suppose 2*i - 3 - 11 = 0. Suppose -4*a + i*a = 33. Let c(w) = 4*w. What is the remainder when c(5) is divided by a?
9
Suppose 0 = -5*y - 2 - 3, 0 = -5*m + 5*y + 115. Suppose -w = 2*k - 4, -4*w + 52 = -k - 0*k. Calculate the remainder when m is divided by w.
10
Suppose 4*u + 4*d + 4 = 0, 5 = -2*u + d + 15. Calculate the remainder when u is divided by 3.
0
Let z be 1*6/2*3. Let g be -3*(-3)/z*2. Let f = 9 + g. Calculate the remainder when 31 is divided by f.
9
Let x = -1 - -82. Suppose -3*t = 3*j - x, -t - 2*j - 3*j = -11. What is the remainder when t is divided by 11?
9
Let g(u) = -2*u**3 - u**2 + 2*u - 2. Let d be g(2). Calculate the remainder when -2 + 1 + d/(-2) is divided by (-38)/(-14) + 10/35.
2
Suppose 3*l = y + 31, -12 - 31 = -4*l + y. What is the remainder when 21 is divided by l?
9
Let w(h) = -h**3 + 7*h**2 - 7*h + 4. Let z be w(6). Let j = -70 - -131. What is the remainder when j is divided by -2*2/z - -19?
19
Let d(t) = -t**3 + 11*t**2 - 7*t - 14. Calculate the remainder when d(10) is divided by 3.
1
Suppose 5*w + 164 = 3*s, 0 = -5*s + 3*w + 93 + 159. What is the remainder when 93 is divided by s?
45
Suppose 3*g - j = 20, 4 = -3*j + j. What is the remainder when 23 is divided by g?
5
Let u(v) = v**3 - 9*v**2 + 2*v - 9. Suppose -4*m - 9 = -5*m. Calculate the remainder when u(m) is divided by 2.
1
Suppose -7*g = -3*g - 460. Suppose -x = 4*x - g. Suppose -4*k + 39 = -k. Calculate the remainder when x is divided by k.
10
What is the remainder when 13 is divided by 7 + 1 - 0/(-12)?
5
Let x = -15 - -22. Suppose 132 = -x*u + 10*u. What is the remainder when u is divided by 16 - -2*(-2)/4?
14
Let j be (-2)/(-11) - 6/33. Let u(g) = g + 45. What is the remainder when u(j) is divided by 12?
9
Let t(p) = 9*p - 11. Let f(d) = 4*d - 6. Let n(q) = -5*f(q) + 3*t(q). What is the remainder when n(6) is divided by 14?
11
Suppose 2*h - 56 = 3*a + 9, 0 = 3*h + 5*a - 88. Let p(k) = -k**2 - 3. Let v be p(-4). Let b = h + v. What is the remainder when 34 is divided by b?
10
What is the remainder when 43 is divided by (-3)/((-6)/34) + 3 + -4?
11
Let g = 25 + -14. Calculate the remainder when 30 is divided by g.
8
Calculate the remainder when 28/6*(2 + -1 + 38) is divided by 37.
34
Let p = -12 + 20. Let x = 34 - 20. What is the remainder when x is divided by p?
6
Suppose -5*v = -16 - 4. Suppose a = -z + 5, -66 = -v*a + z - 21. Calculate the remainder when 18 is divided by a.
8
Let g = 45 - 30. Let q be g + 1 + 1 + -4. Let x = q + -8. What is the remainder when 8 is divided by x?
3
Suppose 2*o - 36 = -0*o. Suppose -2*a - o = -2*i, -i + a + 3*a + 6 = 0. Calculate the remainder when 19 is divided by i.
9
Suppose 3*z - q - 91 = 0, 3*z - 3*q = q + 85. Suppose -z + 11 = -2*o. Calculate the remainder when 38 is divided by o.
8
Let p = 29 - 16. Calculate the remainder when p is divided by (3 - 2)*(0 - -8).
5
Suppose 4*u = -2*b - u + 18, -2*b - u + 2 = 0. What is the remainder when ((-54)/21)/(b/7) is divided by 5?
3
Let n(t) = -2*t - 9. Suppose -7 = -4*m + 9. What is the remainder when n(-7) is divided by m?
1
Calculate the remainder when (-2 - -1)/(2*1/(-38)) is divided by 11.
8
Let h = 5 + 3. Let o(s) = -s**2 - h*s + 3*s - 3*s. Calculate the remainder when o(-7) is divided by 2.
1
Suppose -4*x + 111 = d - 86, -3*x - 394 = -2*d. Suppose -5*n - 33 + d = -3*t, -4*n + 4*t = -136. Calculate the remainder when n is divided by 17.
14
Suppose 2*y - 1 = 19. Let d(k) = k**3 - 9*k**2 - 8*k - 13. Calculate the remainder when d(y) is divided by 2.
1
Let z(y) = y**3 + 2*y**2 - 2*y - 1. Suppose 0 = -0*x + 9*x - 54. What is the remainder when z(2) is divided by x?
5
Suppose 0 = -2*w - 2*w + 92. Let z be 3/(-9) - 8/(-6). Calculate the remainder when w is divided by (24/(-15))/(z/(-5)).
7
Let b(h) = -2*h**2 + 2*h + 1. Let z be b(-1). Calculate the remainder when (12/(-18))/(2/z) is divided by 1.
0
Let j(a) = a**2 + 3*a + 3. Let d be j(-4). Let k = 30 - d. Calculate the remainder when k is divided by 6.
5
Let c(h) = -h**3 - 13*h**2 - 25*h + 3. What is the remainder when c(-11) is divided by 14?
8
Suppose -275 = -5*p + w, -3*p - 4*w + 53 = -89. What is the remainder when p is divided by 14?
12
Calculate the remainder when 24 is divided by 4 - (1 + -1 + -1).
4
What is the remainder when 17 is divided by -22*2/(-12)*(19 - 16)?
6
Let z be (-9)/12*(-8)/2. Suppose -z*p + 5*p + 16 = 0. Calculate the remainder when 10 is divided by 20/3 - p/(-12).
4
Let j(o) = -3*o + 1. Let y = -54 + 86. Let f = y - 12. What is the remainder when f is divided by j(-2)?
6
What is the remainder when 32 is divided by 42/35*10/1?
8
Suppose 5*b + 3*z + 3 = 2*b, 4*b - z - 16 = 0. Suppose -b*h + 6 = -0. Suppose -1 + 5 = h*d. Calculate the remainder when 3 is divided by d.
1
Suppose 24 = 2*y + 4*o, 5*y + o - 24 = -0*y. What is the remainder when 13 is divided by y?
1
Let r(j) = 11*j**3 + j. Calculate the remainder when r(1) is divided by 5.
2
Suppose 78 = -2*n + 246. What is the remainder when n is divided by 17?
16
Let j = 51 - 31. Suppose 4*c - 72 = c. Calculate the remainder when j is divided by 3/(c/(-14))*-4.
6
Let y be (-18)/(-15)*(-10)/(-4). Calculate the remainder when -1 + 0 + 3 + y is divided by 3.
2
Suppose 199 = 5*h - 6. What is the remainder when h is divided by 11?
8
Suppose -2*a = 3*o - 677, -2*o - a = 2*a - 443.